- 1. Let w be r(-1). Let b(d) = d**3 - 7*d**2 + w + 2*d - 18 + d**2. Give b(y).
4
Suppose -17 = 56*q - 297. Let m(f) = f**3 - 3*f**2 - 10*f - 8. Determine m(q).
-8
Let j(x) be the first derivative of -x**2/2 + 4*x - 46703. Let d be 2/7 + 178/14. Determine j(d).
-9
Suppose 5*y + 8 = 2*b, 31 = 7144*y - 7142*y + 3*b. Let c(w) = w - 2. Let n(d) = -d + 1. Let v(k) = -4*c(k) - 7*n(k). What is v(y)?
7
Suppose -13*n = -3*n + 20. Let u be ((-4 - -4) + 2)*n/(-4). Suppose 2*w = -8, 2*d = 2*w - 3 + u. Let o(s) = s**3 + 4*s**2 - 5*s - 6. Give o(d).
-6
Let p(v) = -v**2 - 40*v + 47. Let g be p(-41). Let k(z) = -z**2 + 10*z - 15. What is k(g)?
9
Let y(n) = -2*n - 6. Let k be y(-4). Let w(h) = 1 + 3 - k + h. Let t = -93410 + 93412. Give w(t).
4
Let h(m) = 2*m - 6*m - m**2 + 4*m. Let n(r) = 14*r - 452. Let a be n(32). What is h(a)?
-16
Let g(t) = -t**3 + 8*t**2 - 3*t + 6. Let p = -190 - -234. Suppose -2*c = d, -5*c + p = 3*d - 10*c. Calculate g(d).
-18
Suppose -35 + 13 = -4*d - 5*f, 0 = -5*d - 3*f + 21. Let o(c) = 86 - 12*c**d + 85 - 172 - 2*c**2 - 2*c. Determine o(-1).
11
Let c(a) be the first derivative of -7/2*a**2 - 13 + 0*a. Suppose 9 = -3*n + 6. What is c(n)?
7
Let z(j) = -j**3 - 18*j**2 - 2*j - 35. Let d(u) = -25*u + 2057. Let g be d(83). Determine z(g).
1
Let i(t) = -t**3 + 3*t**2 - 4*t. Let l(m) = -m**2 - 6*m + 3. Let h be l(-7). Let v = h - -7. Give i(v).
-12
Let r(j) = -6*j**2 + 5*j - 13. Let x be (-26 + 28)*(-2)/(-6)*(2 + 1). What is r(x)?
-27
Let p(q) be the first derivative of q**4/4 + q**3/3 + 3*q**2/2 - 940. What is p(-2)?
-10
Let x(y) = y**3 + y**2 + 3*y + 1. Let u(l) = 4*l**3 - l**2 + 21*l + 10. Let n(q) = -u(q) + 5*x(q). What is n(-6)?
31
Let w(q) = q**2 - 7*q + 3. Let m = 4536 - 4532. What is w(m)?
-9
Suppose -4*h = 180*q - 184*q - 4, -5*h = 5*q + 35. Let d(x) = x**2 + 4*x + 3. Give d(q).
3
Let w(c) be the first derivative of -1/3*c**3 - c**4 - c**2 - c - 1. Suppose -9*q - 27*q = -11*q + 25. Give w(q).
4
Suppose -5*x + 73 = -2*p, -3*p + 3*x - 90 = -12. Let v(l) = -l**3 - 16*l**2 + 58*l + 14. What is v(p)?
-5
Let w(l) = 3*l + 2. Let b = 332 - 278. Suppose b = 33*h - 45. Calculate w(h).
11
Let s(d) be the first derivative of d**3/3 + 4*d**2 + 2*d - 752. Determine s(-7).
-5
Let v(a) = -a. Let b(i) = -48*i + 142*i - 46*i - 49*i + 2*i**2 - 3. Let o(z) = b(z) - 6*v(z). What is o(-5)?
22
Suppose -28*n + 20 = -23*n, 3*n = l + 15. Let w(a) be the second derivative of -a**5/10 - a**4/3 - a**3/3 - 3*a**2/2 - 158*a. What is w(l)?
21
Let m be (-3)/(9/(-2)) - (-21)/9. Let w(n) be the second derivative of n**4/12 - n**3 + n**2/2 + 99*n. What is w(m)?
-8
Let k be (5/(-3))/(100/(-360)). Suppose 0 = k*i - 50 + 32. Let y(z) = z**3 - 3*z**2 - 2*z + 2. Calculate y(i).
-4
Let a(p) = -p**3 - 14*p**2 + 15*p + 5. Let j(h) = -h**3 + 8*h**2 - 27*h + 29. Let q be j(4). Give a(q).
5
Let s(m) = 15*m + 1. Let t(a) = 2*a**3 + 21*a**2 + 33*a - 53. Let h be t(-8). Calculate s(h).
46
Let s(i) = 8*i + 2. Let p(h) = -17*h - 4. Let l(m) = 6*p(m) + 10*s(m). Let w(c) = 64*c + 11. Let x(j) = 11*l(j) + 4*w(j). Determine x(-1).
-14
Suppose 2*k = -i + 8, 121*i + 5*k = 125*i + 20. Let n(c) = c**3 - 4*c**2 + 3*c**2 + 0*c**3 + 8 + c + 0. Give n(i).
8
Suppose -v + 4*w = -46, -1135*w + 52 = 2*v - 1133*w. Let a(m) = m**3 - 29*m**2 - 31*m + 29. Give a(v).
-1
Suppose -5*f + 171 = 3*j - 48, 5*f - 3*j - 201 = 0. Let b = 36 - f. Let o be 4/(-5)*15*b/36. Let n(t) = -t - 2. Calculate n(o).
-4
Suppose 2 = -4*u + 18. Let v(s) = -2*s + u*s + s - 1. Suppose 9 = l - 4*y, -6*l - y = -4*l. Determine v(l).
2
Let r be (-32)/(-20)*((-385)/(-30) + -12). Let l(u) be the first derivative of 3 - u**2 - u - r*u**3. Determine l(-1).
-3
Suppose 61 + 189 = 50*u. Let v(k) = -k**3 + 3*k**2 + 13*k - 14. Calculate v(u).
1
Let i(w) = 859*w + 10 - 869*w + w**2 + 5. Let g = 67 - 57. Give i(g).
15
Suppose 144*h = 143*h + 3. Let t(a) = 70*a + 63*a - a**2 - 125*a - h. What is t(5)?
12
Let n be -9 + 144/(-40)*10/(-3). Let l(m) be the third derivative of 1/24*m**4 + 0*m + 2/3*m**n + 0 - 9*m**2. Calculate l(-7).
-3
Suppose -w - z + 417 = 0, -6*w = -3*w - 2*z - 1231. Suppose -6*r + w - 455 = 0. Let t(v) = -2*v - 11. Determine t(r).
3
Let j = 1834 + -1830. Let h(q) be the first derivative of q**3/6 - 2*q**2 + 2*q - 4. Let s(p) be the first derivative of h(p). Give s(j).
0
Let j(p) = p + 9. Let d(l) = -3*l**3 + 2*l**2 - 2. Let a be d(2). Let y be j(a). Let f be -3 - 9/6*(-12)/y. Let o(n) = -n**3 - 4*n**2 + 6*n + 2. Determine o(f).
-3
Let z = 7099/16680 - 58/139. Let p(j) be the third derivative of -z*j**6 + 1/8*j**4 + 0 - 1/3*j**3 + 29*j**2 + 0*j - 1/60*j**5. Calculate p(-3).
7
Let x(k) = -k - 8. Let m be (0/(0 + -6))/(-2). Suppose -5*z = -m*z + 35. Give x(z).
-1
Let o(d) = 4*d - 1. Let h(f) = 8*f - 2. Let u(v) = h(v) - o(v). Suppose 0 = p - l - 4 - 0, 2*l = 3*p - 15. Suppose 5*y - p = -2. Calculate u(y).
3
Suppose 4*p + r + 38 = 0, p - 4*r + 7 + 28 = 0. Let y(a) = -a**3 - 11*a**2 - 3*a - 30. What is y(p)?
3
Let k(t) be the first derivative of -t**7/840 - 7*t**6/360 + t**5/40 + t**4/3 + 34*t**3/3 - 48. Let o(w) be the third derivative of k(w). Calculate o(-7).
-13
Let q(u) = u - 20. Suppose -476 = 3*l - 461. Let h(y) = y + 3. Let r(g) = l*h(g) - q(g). Give r(6).
-31
Suppose 16 = 4*m + 3*w + 5, 5*m + w - 22 = 0. Let v(d) = -3 - d**3 + 116*d**2 + 11 + m*d + 2*d**3 - 110*d**2 - 1. Give v(-6).
-23
Let f(g) = g**3 + 7*g**2 + 11*g - 6. Let o be f(-5). Let a = 5 - o. Let h(l) = -6*l + 20 + a*l - 9*l. What is h(0)?
20
Suppose -19*u - 30*u + 637 = 0. Let s(q) = 14*q - 136. Determine s(u).
46
Let u(v) = 4*v**3 - 57*v**2 + 13*v + 12. Suppose 5*y - 17*y + 15 = -153. Give u(y).
-2
Let w(r) = -r**2 + 2*r + 3. Suppose -10*h + 40 = -2*h. Suppose t + h*q = -12, 4*q = -t - 0*t - 10. Determine w(t).
-5
Let f(w) = w**3 - 6*w**2 + 8*w - 10. Let s be f(5). Let d(x) = -s*x + 2*x + x**3 + 38*x**2 - 2 - 35*x**2. Calculate d(-4).
-6
Suppose -2*r + 43 = 6*p - 3*p, 4*p - 19 = 5*r. Let q(b) = 2 - 5 + 2 - p*b**2 + 2*b. Suppose -2*n - 2 = -2*u, 213*n - 217*n + 3*u = 2. Calculate q(n).
-10
Let y(g) = 5*g + 28. Let o(a) = 7*a**2 + 16*a - 48. Let k be o(-4). Give y(k).
28
Suppose -3*m + 2*o = 14, 30*m = 29*m - 5*o - 16. Let s(y) = 13*y - 11. Let c(g) = -2*g + 3. Let k(r) = m*c(r) - s(r). Calculate k(5).
-12
Let f(l) = -l**3 - 6*l**2 + l + 4. Let b(x) = 371*x + 2963. Let s be b(-8). What is f(s)?
-26
Let z(b) be the first derivative of b**4/4 - 3*b**3 + 9*b**2/2 + 3*b + 155355. Let m be 1*-1 + 2 - -7. Calculate z(m).
11
Let m(f) = f**3 + 7*f**2 - 8*f - 9. Let o(i) = 6*i**2 - 25*i + 6. Let s(c) = c**2 - c + 1. Let v(q) = o(q) - 4*s(q). Let j be v(10). Calculate m(j).
-9
Let f(x) = x**3 + 3*x**2 + x + 4. Suppose 3*l - 30 = 5*g - 2*l, -5*g - l - 12 = 0. Let m be f(g). Let z(t) = 290 + 1026*t**3 - 291 - 1051*t**3. Determine z(m).
-26
Let f(n) = -7*n**3 + n**2 + n + 1. Suppose 0*u = 6*u - 60. Suppose 0 = u*j + 13 - 173. Let s be (-20)/j + 1/4. What is f(s)?
8
Let w be -5 + 3550/150 + (0 - 3/(-9)). Let m(x) = 5*x. Let y be m(4). Let r = w - y. Let f(v) = -2*v**3 - 2*v**2 - v. What is f(r)?
1
Let r be 2 + (-1 - -3 - 1). Let w be r*18/(-1 - -4). Let q(y) = -5*y**2 - 5*y - 10*y + w*y - 3. Determine q(2).
-17
Let y(f) = -68842 + 2*f**2 + f**2 + 68840 - 10*f - 5*f**2. Give y(-8).
-50
Let k(m) = -m**2 - 5*m + 16. Let n = 39 + -37. Suppose -4*z = 3*q + 16, n*q + 8 = 4*q. Let b be k(z). Let l(j) = -j**2 + 4*j. Calculate l(b).
4
Let x(c) be the first derivative of -c**3/3 + 3*c**2/2 + 6*c + 19. Let d = 60 - 64. Give x(d).
-22
Let s(l) = -l - 9. Let m be s(-14). Suppose m*w - 42 + 6 = -2*c, 2*c + 24 = 5*w. Let r(u) = -u**2 + 5*u + 6. Calculate r(w).
0
Let p(s) be the second derivative of 7*s**3/6 - 13*s**2/2 - 2596*s. Let a be 2 + -1 - (-5 - -4). Calculate p(a).
1
Let a(z) = 6*z + 76. Let h be a(-12). Suppose 0*x = -2*x + h*g, -3*x = 2*g - 32. Let q(y) = y**2 - 7*y + 6. Calculate q(x).
14
Suppose 5*p - 166 = -41. Suppose -4*a = b - 2 - 20, p = 5*b + 3*a. Let j(u) = -6*u - 2 + 3*u**2 + 3*u - 2*u**2 + u**b. Calculate j(-2).
12
Let m(k) be the third derivative of -k**6/120 - 2*k**5/15 + k**4/24 - 5*k**3/3 + 4131*k**2. What is m(-7)?
-66
Let w(a) = -14 - 9*a**2 - 25 - 23 + 5*a + 65. What is w(-3)?
-93
Suppose -2*h - 3*s = -39 + 57, 4*s + 24 = -4*h. Let g(r) be the second derivati